*o + 40 = 4*c. Suppose -c*u = p + 4*p + 60, -3*u - 8 = -4*p. Let t(j) = 2*j**2 + 12*j - 6. What is the units digit of t(u)?
6
Let g(z) = 59*z - 34. Let c be g(6). Let o = c - 114. What is the units digit of o?
6
Let g = 13 - 9. Suppose 5*q + d = 467, 0 = 3*q + 8*d - g*d - 287. What is the tens digit of q?
9
Let c = -6 - -42. Let v = c - 9. What is the units digit of v?
7
Let d be 46/(-4)*(-6)/3. Suppose -d = -4*g + 13. What is the units digit of 3/g - (-104)/12?
9
Suppose 0 = z + 3*d - 2663, z + 12*d - 15*d - 2651 = 0. What is the units digit of z?
7
Let p be 8*(5/(-2) + 3). Suppose -p*x = 4*v + 8, 4 = x + 3*x + v. Suppose -3*o = m - 22, 0*m = 5*m - x*o - 25. What is the units digit of m?
7
Suppose 3*x + 5*l - 1802 = -479, 2168 = 5*x - 4*l. What is the tens digit of x?
3
Let t = -2 + 5. Let f = t + 2. Suppose -4*n + 0*b = 3*b - 156, 124 = 4*n - f*b. What is the tens digit of n?
3
Let c = -14 + 5. Let f be c/(-6) - 1/(-2). Suppose 4*z - 41 = z + i, -2*i + f = z. What is the tens digit of z?
1
Let i = 51 - 47. Suppose 3*h - 3*b = -4*b + 472, -i*h + 638 = -3*b. What is the units digit of h?
8
Let f(k) = 26*k - 3. Let y(r) = -805*r + 92. Let i(c) = -92*f(c) - 3*y(c). What is the tens digit of i(2)?
4
Let o(h) be the second derivative of h**5/20 - 17*h**4/12 - 8*h**3/3 - h**2/2 - 4*h. What is the units digit of o(18)?
5
Let l be (-132)/(-108) + (-2)/9. Let m(u) = 147*u**2 - u + 1. Let r be m(l). Suppose -4*y + 61 = -r. What is the tens digit of y?
5
Suppose 2*n = -4*g - 4, 0 = -3*n + 5*g - 3*g + 2. Suppose 435 = 4*a + 3*q, n = 2*a - 3*q - 68 - 127. What is the units digit of a?
5
Let n(c) be the third derivative of -c**5/60 - c**4/3 - 7*c**3/6 + 9*c**2. Let l be n(-7). Suppose 2*b - 68 = -l*b. What is the tens digit of b?
3
Let w = -91 - -70. Let y(d) = -d**2 - 26*d + 27. What is the hundreds digit of y(w)?
1
Let g(t) = -5*t + t + 6*t - 1. Let b be g(3). What is the units digit of (b - 0)*-1*-3?
5
Suppose -l + 6*l + 275 = 0. Let x = 54 - l. What is the hundreds digit of x?
1
Let m(o) = 5*o - 3*o + o - 2*o. Let a be m(1). What is the units digit of (-48)/(-40) + a/(-5)?
1
Suppose 4*a + 302 = 6*a + 5*y, 0 = -5*a - 3*y + 755. What is the tens digit of a?
5
What is the tens digit of (1003 - 8)*3/5?
9
Let u(j) = -j**3 - 15*j**2 + 8*j + 5. Let i be u(-16). Let l be i/(-9) - 4/18. Let h = l - -28. What is the tens digit of h?
1
Let o = 33 + -33. Suppose o = -r, 107 = 2*t - t - r. Suppose -3*y + 6*y - t = -5*x, -4*y - 3*x + 139 = 0. What is the tens digit of y?
3
Let x be (-27)/(-2)*12/9. Let l be (-9)/(-2)*12/x. What is the units digit of 28*1 + l + -2?
9
Suppose 4*h + 5*w = 2928, 2*w = -14*h + 19*h - 3693. What is the hundreds digit of h?
7
Suppose -u + x = 2, 2*u + 2*x = 7*u + 4. Suppose -4*j - 54 + 302 = u. What is the units digit of j?
2
Suppose 0 = -5*o + 2*p - 0*p + 88, 2*o - 4*p = 48. Let n = o + 2. Suppose 50 = 5*d - 2*w - n, -4*w = 2*d - 8. What is the units digit of d?
2
Let i be (-12)/54 - 3026/(-9). Suppose 3*w - i = -w. What is the tens digit of 0/(-4) + w/4?
2
What is the units digit of (-5)/45*-3 + (-4497)/(-9)?
0
Suppose -27*n = 14*n - 12546. What is the tens digit of n?
0
Let r = 25 + -12. Let q = r + -10. Suppose 2*g + 3*g = q*s - 80, 2*s - 44 = g. What is the units digit of s?
0
Suppose -4*k + 16 = 0, -4*w - 1621 = -5*k - 8725. What is the thousands digit of w?
1
Let p(x) = -x**3 + 19*x**2 - 8*x - 9. What is the tens digit of p(6)?
1
Suppose -3*i - 29 = -35. Suppose -15 = 3*f, 2*w = i*f - 0*f + 34. What is the units digit of w?
2
Let r be -9 + ((-6)/3 - -2). Let l = r + 9. Suppose -3*i + 13 + 14 = l. What is the units digit of i?
9
Suppose -6*w + 3*d + 3212 = -w, 0 = 5*w + 4*d - 3219. What is the tens digit of w?
4
Let z be 2 - 3 - (0 + (0 - -1)). Let s(d) = -18*d**3 + 5*d**2 + d + 1. What is the units digit of s(z)?
3
Let s(m) = 20*m - 8. Suppose 12 = 5*i - 3*g - 21, -2*i = 3*g - 9. Let h(q) = q - 1. Let o(l) = i*h(l) - s(l). What is the tens digit of o(-1)?
1
Suppose -4 = 4*a - m, 5*a + 0*m - 12 = -3*m. Suppose a = 5*d, -249 = -5*s - 4*d + 166. What is the units digit of s?
3
Let f(i) = 15*i**3 + 2*i**2 + 7*i - 9. Let w(l) = 5*l**3 + l**2 + 2*l - 3. Let j(n) = 4*f(n) - 11*w(n). What is the tens digit of j(2)?
3
Suppose 11*l - 3*l = 1584. Suppose 9*o - l = 8*o. What is the hundreds digit of o?
1
Suppose 5*i + 206 = m, 3*m - 4*m + 4*i + 207 = 0. What is the tens digit of m?
1
Let u(r) = 4*r**3 + 5*r**2 + 4*r - 10. Let g be u(5). Suppose 6*a = 11*a - g. What is the hundreds digit of a?
1
Let p(x) = -4*x + 103. What is the units digit of p(-14)?
9
Let b(d) = -61*d + 6. Let l be b(-1). Suppose -3*t = 4*x - 29, 4*t = -3*x + t + 24. Suppose 5*n - l = -4*f, 70 = x*n - 2*f + 21. What is the units digit of n?
1
Suppose 3*t = -2*t. Suppose t = -f + 3*f. Suppose f = -0*x + 2*x - a - 10, 0 = -x - 2*a - 5. What is the units digit of x?
3
Let j be -2*(5/10 - 0). What is the hundreds digit of j/1*(-4)/(-2) + 109?
1
Let z = 1 - -23. Let t be (z/(-9))/(4/(-6)). Suppose 2*k = -a + 22, -3*a + t*k = -7*a + 88. What is the tens digit of a?
2
Let n(h) = -h**2 - 11*h - 15. Let i be n(-9). Let b(t) = 18*t + 27. What is the tens digit of b(i)?
8
Let b(u) = u**2 - 4*u - 7. Suppose -3*j + 0*w - w + 3 = 0, -3*j + 4*w = -3. Let c(z) = 8*z**2 - z - 1. Let x be c(j). What is the units digit of b(x)?
5
Let a(d) be the first derivative of 31*d**2 - 15*d + 4. What is the units digit of a(2)?
9
What is the tens digit of (-2 - 1424/6)/(10/(-15))?
5
What is the tens digit of 390756/75 - (-78)/(-975)?
1
Let q(o) = -7*o - 3. Let x be -1*2/1*3. Let t be q(x). Suppose 49 = 2*s - 5*d, 0*s - 4*d = 3*s - t. What is the tens digit of s?
1
Suppose -5*d + 8017 = 7*f - 4*f, -6*f - 2*d = -15994. What is the hundreds digit of f?
6
Suppose 0 = -22*n - 17*n + 108888. What is the units digit of n?
2
Suppose -4*c + 36 - 20 = 0. What is the tens digit of (2 + 21)/(4/48*c)?
6
Suppose 3*z + 1534 = s, 4*z = 2*s - 282 - 2776. What is the tens digit of s?
1
Let b = 747 + -1357. Let y = b - -886. What is the tens digit of y?
7
Let a = -18 + -32. What is the tens digit of a/(-3)*(-3)/(-2)?
2
Let j(o) = 309*o**2 + o + 4. Let b be j(2). Suppose -i = -10*i + b. What is the tens digit of i?
3
Suppose 2474 + 46 = 6*t. What is the hundreds digit of t?
4
Let s(o) = -o - 24. Let p(b) = 5*b + b + 0*b - 3*b + 73. Let d(i) = -2*p(i) - 7*s(i). What is the tens digit of d(-12)?
1
Suppose -7*r + 5*r = -2288. What is the units digit of r?
4
Suppose 5*f - 4592 = 2*x, 1848 = 2*f - 44*x + 46*x. What is the hundreds digit of f?
9
Suppose 290 = 3*z - 406. What is the tens digit of z?
3
What is the hundreds digit of 1*5/5*(1 + 313)?
3
What is the tens digit of 36/27*(-534)/(-4)?
7
Let w = 316 + -471. Let t = w + 287. What is the hundreds digit of t?
1
Suppose a - 10 + 23 = 0. Let j be (a/3)/(2/(-18)). Suppose -m - j = -4*m. What is the units digit of m?
3
Suppose 75 = -4*u + u. Let b = -20 - u. Suppose 21 + 169 = b*g. What is the units digit of g?
8
Let f(t) = -t**3 - 9*t**2 - 7*t + 8. Let o be f(-8). Suppose 3*c = -5*v - 0*v + 32, o = 2*c + 3*v - 22. Let q(w) = w + 5. What is the units digit of q(c)?
9
Let p(b) = 2*b**3 + 9 - 1 + 8*b**2 - b**3 + b. Let j be p(-8). What is the units digit of -2*3/(-6) + j?
1
Let g be 979/(-33) + (-4)/(-6). Let o = g - -47. What is the units digit of o?
8
Let y = -1912 + 5118. What is the thousands digit of y?
3
Let g = -28 - -47. Let p = g - -22. What is the tens digit of p?
4
What is the thousands digit of (-137752)/(-32) - 12/16?
4
Suppose -i + 2*u + 457 = 0, 2*u = -5*i - u + 2350. What is the tens digit of i?
6
Let n = -77 - -46. Let u = n + 94. What is the tens digit of u?
6
Suppose 5*h - 26 - 25 = -2*n, -9 = -3*n. Suppose d + 125 = 2*b, -b + 40 = -h*d + 4*d. What is the tens digit of b?
6
Let a(p) = p - 2. Let n be a(7). Let l = n - 3. What is the tens digit of (-24)/(l/(-8)*6)?
1
Let y = 560 + 128. What is the hundreds digit of y?
6
Suppose -n + 3*x + 675 = 0, -2*n = 3*x - 195 - 1128. What is the tens digit of n?
6
Suppose -20 = 85*p - 90*p. What is the units digit of (p/(-12) - -1)*54?
6
Let r(j) = 3*j**3 - 4*j**2 - 3*j + 4. What is the tens digit of r(6)?
9
What is the units digit of 113 - (11 - 5 - 5)?
2
Let l be 595 - (-2 - 15/(-9))*-9. Suppose 0 = 54*g - 50*g - l. Wha